i(f) be the first derivative of -f**4/4 + f**2/2 + 11*f + 4409. Calculate i(c).
11
Let u(l) = l + 3. Let z(b) = -b**3 - 24*b**2 - 24*b - 23. Let f be z(-23). Suppose 3*n + 3*a + 36 = f, 5*n + a + 40 = -0*a. Determine u(n).
-4
Let o = 364 - 367. Let l(z) = z**3 - 2*z**2 - 4*z - 4. Determine l(o).
-37
Let f be -42 - -37 - (0 - (0 - -1)). Let a(y) = y + 8. Give a(f).
4
Let y = 644 - 642. Let o(k) = 2*k + k**2 + 2*k + 2 - 6*k. Determine o(y).
2
Suppose 53*y + 72 = -87. Let c(k) = k**2 - k - 9. What is c(y)?
3
Let q(u) = u**2 - 5*u - 2. Let t be q(-5). Let y = t + -47. Let m(z) = 2*z - 1. What is m(y)?
1
Let f = -231 + 225. Let z(q) = -3*q - 16. Determine z(f).
2
Let o be (-38)/(-9) - 4/18. Let z(y) = 2 + y**3 - 5*y**2 - 2 + 5 + o*y. Let h = -1786 + 1790. Determine z(h).
5
Let m(z) = z**2 + 3*z - 4. Suppose 5*u + 54 - 4 = 0. Let n = 7 + u. What is m(n)?
-4
Let l be ((-16)/20)/(4/(-10)) + -1. Let o(g) = -18*g + 1. Determine o(l).
-17
Let x = 353 - 352. Let u(f) = 25*f - 1. Give u(x).
24
Let d(v) = 23 + 6*v**2 - 28 + 3*v**3 - 4*v**3. Let g be d(6). Let c(b) = b**3 + 4*b**2 - 2*b + 2. What is c(g)?
-13
Let p(u) = -u. Let m be p(-2). Let q(c) = -2*c**3 - 4 + m + 6*c**2 - 1 + c**3. What is q(6)?
-3
Let p(m) = -m**2 + 9*m - 11. Let l be (15/3 - 11)*(-2)/4. Suppose 3*s - 27 = -3*x, 2*x - 29 = -2*x + l*s. Calculate p(x).
-3
Let f(y) = y - 2. Let s be 20/(-4)*(-2 - -1). Suppose 3*k + 6 = 0, -5*k - 9 = -s*l + 11. Suppose l*g - 8 = -4*c + g, 5*c + 2*g = 10. What is f(c)?
0
Let r be ((-6)/8)/((-1)/(-4)). Let w(f) be the first derivative of -4 - 4*f + 1/2*f**2. What is w(r)?
-7
Let q = 241 - 235. Let w(x) = -3*x + 7. Determine w(q).
-11
Let o(h) = -h**3 - 8*h**2 - 4*h + 2. Let t(x) = -5*x - 37. Let g be t(-6). Determine o(g).
-19
Let c be -1*(1 + (-1 - -3)). Let y(w) = 2*w**2 - 2*w + 3. Let n(x) = 9*x**2 - 11*x + 18. Let z(g) = n(g) - 5*y(g). Determine z(c).
-3
Let g(p) = 11*p**3 - p**2. Let k be g(1). Let m(d) = d**2 - 10*d + 19. Let r be m(k). Let c(o) = r + 2*o - 8 - 18. Calculate c(6).
5
Let q(c) = 8*c**3 - 162003*c**2 - c - 3*c**3 + 162001*c**2. Let l = -7 + 5. Let d be (-2 - -3)/(l - -1). What is q(d)?
-6
Let j(d) = d**3 - 100 - 12*d**2 + 92 + 21*d - 8*d. Calculate j(11).
14
Let g(i) = -i**2 + i + 2. Let s be g(0). Suppose -4*w = -2*l + 18, -l - 1 = w + s. Let u(b) = -3 + 6*b + 0*b - l + 6. Give u(-2).
-10
Suppose 0*q + 67 = 4*q - w, 0 = 4*q + w - 77. Let o = 20 - q. Suppose -3*a = -5*a + o. Let m(j) = 16*j + 1. Calculate m(a).
17
Let o(s) = s**3 + 5*s**2 - 5*s + 4. Let w be 5/30 - 185/30. Let a be (-15 - -14)/((-1)/w). Determine o(a).
-2
Suppose 0 = -3*t + 3, 5*t - t - 6 = f. Let m be ((-3 - -2) + (-1)/f)*10. Let c(p) = p**2 + 4*p + 3. Determine c(m).
8
Suppose 0 = 5*k - 14 - 6. Let y(u) = u**3 - 4*u**2 + 5*u - 2. Let x be y(k). Let o = 14 - x. Let a(n) = -3*n - 1. Calculate a(o).
11
Let r(d) be the third derivative of d**5/60 + 7*d**4/24 + 2*d**3/3 - 335*d**2. Determine r(-7).
4
Let m(s) = s**2 - 7*s + 14. Let d be m(4). Let g(u) be the first derivative of -2 - d*u - 5/3*u**3 - 1/4*u**4 + 7/2*u**2. Determine g(-6).
-8
Let q(o) = 5*o**2 - 2*o + 3. Let t = -101 - -103. Give q(t).
19
Let h(z) = z**2 - 23*z + 27. Let c be h(22). Let m(q) = 2*q + 14. Suppose 0*y + 4*y + 12 = 0. Let v(k) = k + 13. Let p(f) = y*v(f) + 2*m(f). Calculate p(c).
-6
Let v(b) = 2*b + 6. Let u(k) = 11 - 6*k + 6*k + 3*k. Let c(y) = 3*u(y) - 5*v(y). Calculate c(6).
-3
Let p(o) = -4*o + 15. Let d(i) = i + 37. Let s(u) = -u - 19. Let h(j) = 4*d(j) + 7*s(j). Let f(r) = 5*h(r) - 4*p(r). Calculate f(0).
15
Let x(m) = -m. Let c be (-10)/(-30)*(-2 + 89). Suppose c*g - 30*g = -4. Determine x(g).
-4
Let y(q) = -q**2 + 8*q + 13. Let k = 97 - 87. Determine y(k).
-7
Let a(n) = -n**3 + 8*n**2 - 6*n - 5. Let p be a(7). Suppose 4*b - 14 = p. Let l(v) = 0 + 2 - 2*v - 3 + v**2. What is l(b)?
7
Suppose -108 = 17*u - 5*u. Let g(h) = -h**3 - 8*h**2 + 9*h - 12. What is g(u)?
-12
Let b = -1 + 0. Let m be 4 - ((2 - 6) + 5). Let j(x) = -2 + 1 + m*x - 2*x + 2. Calculate j(b).
0
Let y(b) = 2*b - 10. Suppose 104*l - 103*l = 7. Give y(l).
4
Let u(l) be the first derivative of 5*l**4/12 + l**2/2 + 9*l - 17. Let g(b) be the first derivative of u(b). Determine g(1).
6
Let a(r) = -4*r**2 - 2*r + 2. Let j(d) = 2*d - 34. Let u be 30*(-3)/(-6) - -3. Let n be j(u). What is a(n)?
-18
Let n(v) = v**3 - v**2 + v - 2. Let r(x) = x**2 - 9*x + 17. Let a be r(7). Suppose 0 = a*w - w. Let c be 2/4*w/5. Determine n(c).
-2
Let b(n) be the first derivative of n**2/2 - 7*n - 31. Let r(f) = 8*f**3 + f. Let c be r(1). Give b(c).
2
Let t(s) = -s**2 + 4*s + 6. Suppose -f + 6 - 3 = 0. Let q = -69 + 71. Suppose 0 = b - f, q*g + 4*b + 3 = 5*g. Calculate t(g).
1
Let n(f) = 3*f**2 - 11*f - 9. Let r(g) = 4*g**2 - 12*g - 9. Let w be (-3)/(-9) - 11/(-3). Let p(k) = w*r(k) - 5*n(k). Determine p(-6).
3
Let y(x) = 7*x**2 + 18*x + 3. Let m(a) = -9*a**2 - 19*a - 8. Let w(p) = -3*m(p) - 4*y(p). What is w(-16)?
-4
Let t be -4*3/18*6. Let o(i) be the first derivative of -i**2 + 4*i + 95. Give o(t).
12
Let a(u) = u**3 - 6*u**2 - 5*u - 14. Let f be a(7). Suppose 3*p = -3*z - 6, 3*z + 5*p - 4 + 10 = f. Let h(l) = l + 1. Give h(z).
-1
Let y(x) = 0*x + 6*x + 6329*x**2 + 5 - 6327*x**2. Calculate y(-4).
13
Let h(t) = 3*t + 2*t**3 + t**2 + 4*t - 5*t - 3. What is h(2)?
21
Let g(r) be the second derivative of 11*r + 0 - 1/2*r**2 + 0*r**3 - 1/6*r**4. Calculate g(-2).
-9
Let g(t) = t**3 - 8*t**2 + 9*t - 2. Let a be ((-4)/(-18))/(-1) - (-650)/9. Suppose -23*c + a = -11*c. What is g(c)?
-20
Let i(k) be the third derivative of 0*k + 1/3*k**3 - 1/12*k**5 - 2*k**2 + 1/24*k**4 - 1/120*k**6 + 0. Let o(v) = -v - 3. Let x be o(2). Give i(x).
-3
Let f(k) = k + 8. Let m = -987 + 996. Calculate f(m).
17
Suppose 24*r - 99 - 237 = 0. Suppose p + u + u = 8, p - r = 4*u. Let j(f) = -f + 8. Give j(p).
-2
Let d(b) = -b**2 + 8*b - 8. Let w be d(5). Let j(p) = -73*p + 3. Let g(z) = 24*z - 1. Let l(k) = w*g(k) + 2*j(k). Determine l(-1).
-23
Let q(m) = 249*m + 43. Let f(w) = -115*w - 20. Let i(p) = -13*f(p) - 6*q(p). Let t be -3*(10/6 - 1). Give i(t).
0
Let p(q) be the first derivative of -2*q**2 - 6*q + 81. What is p(-4)?
10
Suppose -2*a = 3*g + 29, -2*a - 15 + 58 = -5*g. Let i = -4 - g. Let q(t) = 1 - 61*t**2 + 60*t**2 - t + 0 + 5*t. Determine q(i).
-4
Let v(m) = -m**3 - 5*m**2 + 3*m + 2. Let x(h) = 3 - 16 + 2*h - 14*h**2 + 15*h**2. Let f be x(-4). Calculate v(f).
-13
Let t(s) = s**3 - s**2 - s. Let d(f) = -f - 1 - 2*f - 2 + 0. Let v(m) = d(m) + t(m). Calculate v(-2).
-7
Let a(w) = -4*w + 2. Let n be a(0). Let u(v) = 4*v + 5 - 1 - n + 3. What is u(-5)?
-15
Let y(v) = -v**2 - 4*v + 1. Let o be 7/5 + 396/(-90). Give y(o).
4
Let h = -7 + 10. Suppose 0*q = 3*q, -24 = -4*l + 5*q. Let r(p) = -1 - 14*p**h + 13*p**3 + p**2 - l*p**2. What is r(-5)?
-1
Suppose -3*u + a - 1 = 0, 3*a = -5*u + 4*a - 1. Suppose -x + 1 = -u. Let q(r) = 4. Let h(v) = -v + 1. Let o(f) = -5*h(f) + q(f). What is o(x)?
4
Suppose -65*m + 50*m - 105 = 0. Let o(c) = -c**3 - 6*c**2 + 7*c - 5. What is o(m)?
-5
Let k be (-2 - -1)/((-11)/(-77)). Let m(l) = 7*l + 38. Calculate m(k).
-11
Let r(g) be the second derivative of g**3/2 + 5*g**2/2 + 4*g - 13. Let m = 25 + -5. Suppose o - 5*o = m. What is r(o)?
-10
Let r(t) be the third derivative of t**4/24 + 11*t**3/3 - 3*t**2 + 33*t. Determine r(-20).
2
Let n be (-6)/36 - (-225)/54. Let x(r) = r**3 - 2*r**2 - 7*r + 2. Calculate x(n).
6
Let m = 58 + -59. Let x(i) = 6*i. Let l(n) = n + 1. Let r(g) = m*x(g) + 5*l(g). Give r(0).
5
Let o(n) be the first derivative of n**3/3 + n**2/2 - n + 14. What is o(0)?
-1
Let g(c) = 10*c**3 + c**2 - 4. Suppose 3*m = 3, 0 = -4*i - i + 5*m - 25. Let j(b) = -19*b**3 - 2*b**2 + 9. Let q(t) = i*j(t) - 9*g(t). Give q(-1).
13
Let i be (120 + -114)*1/2. Let v(d) = -9*d + 2. What is v(i)?
-25
Let j(o) = 9*o + 1. Let w = 1646 - 1649. Calculate j(w).
-26
Let c(y) = 2*y + 131 + y + 139 - 402 + 138. Give c(-3).
-3
Let x(i) = -i**2 + 5*i + 9. Let g be ((-8)/(-32))/(3 - 83/28). What is x(g)?
-5
Suppose -3*f = -2*f + 6. Let a(w) = w**3 + 7*w**2 + 5*w - 3. Let o be a(f). Let x(i) = -3*i - i**2 + o*i**2 - 5*i**2 - i**2. Determine x(-2).
-10
Let g = 5 + -8. Let a(n) = -n**2 + 9 + 0*n - 2*n**2 + 4*n. Let b(l) = -l**2 + 2*l + 4. Let i(v) = -2*a(v) + 5*b(v). Determin